a = s + -3. What is the tens digit of a?
1
Suppose 3*u = -0*o - 3*o + 396, u + 4*o - 132 = 0. Let k = u + -76. What is the units digit of k?
6
Let a be ((-16)/24)/((-1)/24). Let m = a + -9. What is the units digit of m?
7
Suppose 104 = 4*l - 4*x, -4*l + x = -114 + 1. Let c = l + -20. What is the units digit of c?
9
Let k(o) = 2*o**2 - 2*o + 1. Let r = 0 + -2. Let z = 3 + r. What is the units digit of k(z)?
1
Suppose -6*t = -8*t - 36. Let z = t + 25. What is the units digit of z?
7
What is the hundreds digit of 1195/6 + ((-16)/(-8))/(-12)?
1
Let b(w) = -w**3 - w**2 - w + 33. Let r be b(0). Suppose 0*z + 3*z = r. What is the units digit of z?
1
Let x be -1 + 2 + (0 - -2). Suppose -x*u + 8 = n, -u + 4*n = -2*u - 12. Suppose u*o = -0*o + 4*t + 12, -5*o + 2*t + 30 = 0. What is the units digit of o?
8
Let r = 86 + -52. What is the tens digit of r?
3
What is the tens digit of 44 + 9/(6/(-2))?
4
Let v = -9 - -16. Let n(m) = -m + 7. Let a be n(v). Suppose -4*p + 3*z + 32 = a, 4*z + 0 = 2*p - 6. What is the units digit of p?
1
What is the tens digit of -3 - (-5)/((-15)/(-87))?
2
Suppose 5*n - 31 = 3*m, 6*n = -4*m + n + 17. Let b be 45/(-18)*28/m. Let v = b + -24. What is the units digit of v?
1
Let t(n) = -7*n**2 - 11*n - 6. Let q(u) = 8*u**2 + 12*u + 6. Let s(g) = -6*q(g) - 7*t(g). What is the units digit of s(-4)?
2
Let z(v) = v**3 - 3*v**2 - 8*v + 7. What is the hundreds digit of z(7)?
1
Suppose 4*p - 4*t = 20, -2*p - p = 2*t - 20. Let n(r) = -r**3 + 7*r**2 - 4*r - 7. What is the units digit of n(p)?
5
Let i(a) = a**3 + 6*a**2 + 6*a + 3. Let k be i(-6). Let q = -18 - k. Let r = -11 + q. What is the units digit of r?
4
Suppose -2*r = 2*o - 54, 4*r - 19 = -o + 5*r. What is the units digit of o?
3
Let x(i) = 4*i - 3*i + 10 - 7 + 2*i. What is the units digit of x(7)?
4
Let j(h) = h - 1. Let r be j(12). Let i(d) = -d**3 + 12*d**2 - 10*d - 5. What is the units digit of i(r)?
6
Let b be 3/(-12) + (-249)/(-4). Let h = 88 - b. Suppose 0*v = -2*v + h. What is the tens digit of v?
1
Let l be (-5)/((-2 - 0) + 1). Suppose -4*d + 0*u = u - 5, l*d - 22 = 4*u. Suppose 2*r - 5 - 15 = 3*y, -10 = -r - d*y. What is the tens digit of r?
1
Let x(b) be the second derivative of b**4/4 + 5*b**3/6 + 2*b**2 + b. What is the tens digit of x(-3)?
1
Let c be (-7)/14*-1*8. Suppose 22 = c*s + 58. Let x = s + 14. What is the units digit of x?
5
Suppose j - 7*j + 528 = 0. What is the tens digit of j?
8
Suppose -1 = -3*s + 2*s. Let u(g) = 7*g. What is the units digit of u(s)?
7
Suppose 0 = -9*k + 4*k + 55. Suppose 0 = -k*z + 10*z + 5. What is the units digit of z?
5
Let g = -16 + 93. What is the units digit of g?
7
Suppose 4*o + o = 215. What is the tens digit of o?
4
Let m = 18 + 64. What is the tens digit of m?
8
Let w = -41 - -140. What is the tens digit of w?
9
Suppose 0 = 4*n - 1 - 3. Let v be (n/3)/(2/150). Suppose -6*u + u + v = 0. What is the units digit of u?
5
Let c = -10 - -13. Suppose 4*z - 5*z = 3, 3*f - c*z - 57 = 0. What is the units digit of f?
6
Let k(l) = -10*l + 4. What is the units digit of k(-6)?
4
Let i = 6 + -14. Let c = i - -16. What is the units digit of c?
8
Let i = 145 + -96. Suppose -1 + 13 = -4*b, i = 4*h - 3*b. What is the units digit of h?
0
Let v(s) = s + 12. Let h be v(-7). Suppose -h*w + 182 - 17 = 0. What is the tens digit of w?
3
Let l(u) be the second derivative of -u**3/6 - 2*u**2 - u. Let o(y) = y**3 + 8*y**2 + 9*y + 7. Let a be o(-7). What is the units digit of l(a)?
3
Suppose 3*b + p - 232 - 330 = 0, 380 = 2*b - 2*p. What is the hundreds digit of b?
1
Suppose h + 0*h + 3*j - 102 = 0, -h + 2*j + 97 = 0. What is the tens digit of h?
9
Let b = 34 + -9. What is the tens digit of b?
2
Suppose g + 3*l = -2, 5*g - 4 = 3*l + 22. Suppose g*r - 12 = -0*r. Suppose 3*s = -2*x - x + 39, -r*x + 15 = 0. What is the units digit of s?
8
What is the tens digit of 1/(4/48)*(25 + -1)?
8
Let y(x) = -19*x + 3. What is the units digit of y(-3)?
0
Let g be (2 + -3 - -5) + 0. Suppose -2*x - 6*n + 2*n - g = 0, -2 = x + 3*n. What is the units digit of x/(-4)*14*1?
7
Let u be (8 - 7)*(3 + 1). Suppose -n + 2*y - 41 = -6*n, -u*y + 37 = 5*n. What is the units digit of n?
9
Let i(p) = 2 - 6*p + 0 - p**2 + 0*p**2 - 6. Let t be ((-2)/(-3))/(3/(-18)). What is the units digit of i(t)?
4
Let k(f) be the first derivative of 2*f**3/3 - 2*f**2 + 3*f + 1. Let z be k(3). Let i = 1 + z. What is the tens digit of i?
1
Let p = -40 + 68. What is the tens digit of p?
2
Suppose 2 + 2 = -2*l. What is the tens digit of ((-21)/2)/(1/l)?
2
Suppose -4*z + q + 23 = -2*q, 2*q = -4*z + 38. Let p = -4 + z. What is the units digit of p?
4
Let k(g) = g**2 + 8*g - 7. Let j be k(-9). Suppose -30 = -j*a - 4*r, -3*r = -a + r + 3. What is the tens digit of a?
1
What is the units digit of (-9 + 1)/(8/(-4))?
4
Let h = -228 - -414. What is the tens digit of h?
8
Let j(b) = -2*b**2 - 1. Let t be j(2). Let a be 1876/18 - (-2)/(-9). What is the units digit of (-2)/t + a/18?
6
Let g = 21 + -37. What is the tens digit of (g/8)/((-2)/48)?
4
Let n = 3 - 3. Suppose 11 = v - n*v. Suppose v = 3*y - 16. What is the units digit of y?
9
Suppose k + h - 8 = -0*k, 0 = 5*k + h - 48. Suppose -5*x + 75 = -2*u, k = -3*u + u. What is the units digit of x?
3
Let a = 16 - 9. Suppose -a*j = -4*j - 60. What is the tens digit of j?
2
Suppose 0 = -3*t + 4*n + 11, -22 - 1 = -3*t + n. What is the units digit of t?
9
Let l be (-1)/(-5) + (-72)/(-40). What is the units digit of l*2 + 0 + 2?
6
Suppose -4*z + 0*f + 628 = 4*f, -788 = -5*z - 2*f. What is the hundreds digit of z?
1
Suppose -5*w + 2*w + 15 = 0. Suppose w*f + 10 = -30. Let g = -3 - f. What is the units digit of g?
5
Let f(i) = -i**2 + 10*i - 3. Let z = -31 - -18. Let b = z - -21. What is the tens digit of f(b)?
1
Let p = -1 - -4. Let u(j) = 9*j - 3. What is the units digit of u(p)?
4
Let g = 39 + -13. What is the units digit of g?
6
Suppose 2*f - 6*f - 36 = 0. Let g(u) = u**2 + 6*u - 13. What is the units digit of g(f)?
4
Let i(m) = m**3 + m**2 - 2*m + 1. Let x be i(1). What is the units digit of x*(8 + 4/2)?
0
Let d be -2 - (-4 - (-3)/(-3)). Let n = -6 - -10. Suppose -4*y + 0 + 3 = -t, -y - d = -n*t. What is the units digit of t?
1
Let q(o) = o**2 - 11*o - 9. What is the units digit of q(13)?
7
Let z be -12 + (-12)/(-3) + -2. Let h be (z/(-6) - 1)*6. Suppose 3 = a, -h*a - 2 = u - 22. What is the units digit of u?
8
Let j be 1 - -2*(-21)/(-6). Let k be 23/5 + j/20. What is the units digit of 3/(5 - 2)*k?
5
Suppose 2*x - 4*x = -4*g, g = -5*x. Let m be 3/(-6)*x - -6. What is the units digit of 2/6 + 34/m?
6
Let x(o) = -45*o**3 - o**2 - o - 1. Let c be x(-1). Suppose -d - 2 + 10 = -5*z, -5*d = -4*z + c. What is the units digit of (3/d - -1)*12?
9
Suppose 26 = -6*y + 164. What is the tens digit of y?
2
Let s(w) = 2*w - 3. Let l be s(4). Suppose -2 = -l*d + 8. Suppose 2 = d*u, -10 = 4*j + 3*u - 45. What is the units digit of j?
8
Suppose -2*m = -5*m + 324. What is the hundreds digit of m?
1
Suppose 5*b - 5*u - 95 - 50 = 0, 41 = b - 4*u. What is the tens digit of b?
2
Let y = 285 + -201. What is the units digit of y?
4
Let w = -2 + 3. Let g be w - (-2 + 0)*1. Suppose n + 5 = 0, -2*u - g*u + n = -20. What is the units digit of u?
3
Let t be (-6)/(-8) - (-3)/12. Suppose 3*h - d = 29, -17 = -2*h - d - t. What is the units digit of h?
9
Let w be -4*(26/(-8) - -2). Suppose -2*l - 4*h + 0 = 10, -2*l = -w*h - 35. What is the units digit of l?
5
Let h = 160 - 82. What is the tens digit of h?
7
Suppose 6*f - 296 - 316 = 0. What is the hundreds digit of f?
1
Let h = -1 - -2. Suppose -z = -6 + h. What is the units digit of z?
5
Let w be 2/10 - (-57)/15. Suppose -2*c + w*c - 70 = 0. What is the tens digit of c?
3
Let j be 3 + (2 - 4/2). Suppose 3 - 8 = -2*h - j*x, 4 = 4*x. What is the units digit of h - 26/(1 + -3)?
4
Let n(p) = p**3 + p + 5. Let y be n(0). Let d(m) = 5 - y*m - 2*m + m**2 + m. What is the units digit of d(6)?
5
Let s be (3/2)/(9/(-12)). What is the units digit of 1 + (4 - s) - -1?
8
Let j = 7 - 12. Let w(r) = 3*r + 9. Let y(o) = -16*o - 46. Let p(b) = 11*w(b) + 2*y(b). What is the units digit of p(j)?
2
What is the tens digit of (-2*(-249)/6)/1?
8
Let z = -28 + 53. Suppose z = -l + 6*l. Let a = l - 0. What is the units digit of a?
5
Let x(b) = -20*b**3. Let u be x(-1). Suppos